t is the remainder when 3565 is divided by 170?
165
What is the remainder when 936638 is divided by 74?
20
Calculate the remainder when 10745 is divided by 31.
19
What is the remainder when 360619 is divided by 247?
246
Calculate the remainder when 32305 is divided by 3230.
5
What is the remainder when 101584 is divided by 33853?
25
What is the remainder when 6071 is divided by 3028?
15
What is the remainder when 17007 is divided by 47?
40
What is the remainder when 2010477 is divided by 48?
45
Calculate the remainder when 447073 is divided by 419.
0
Calculate the remainder when 295754 is divided by 120.
74
Calculate the remainder when 124108 is divided by 557.
454
Calculate the remainder when 4890 is divided by 42.
18
Calculate the remainder when 5958 is divided by 459.
450
What is the remainder when 52620 is divided by 92?
88
What is the remainder when 28059 is divided by 1004?
951
What is the remainder when 20745 is divided by 228?
225
Calculate the remainder when 11148 is divided by 2133.
483
What is the remainder when 11108 is divided by 1?
0
Calculate the remainder when 805 is divided by 252.
49
Calculate the remainder when 452766 is divided by 19.
15
What is the remainder when 85047 is divided by 92?
39
Calculate the remainder when 65709 is divided by 4693.
7
Calculate the remainder when 362046 is divided by 86.
72
What is the remainder when 34257 is divided by 1268?
21
What is the remainder when 216119 is divided by 94?
13
Calculate the remainder when 633047 is divided by 16.
7
What is the remainder when 36732 is divided by 9170?
52
What is the remainder when 12187 is divided by 190?
27
Calculate the remainder when 55807 is divided by 689.
687
Calculate the remainder when 3107 is divided by 76.
67
Calculate the remainder when 26535 is divided by 117.
93
What is the remainder when 6564 is divided by 84?
12
Calculate the remainder when 12045 is divided by 28.
5
Calculate the remainder when 93054 is divided by 802.
22
What is the remainder when 1655 is divided by 92?
91
What is the remainder when 10101 is divided by 361?
354
Calculate the remainder when 187456 is divided by 206.
202
Calculate the remainder when 19339 is divided by 4831.
15
What is the remainder when 6916 is divided by 365?
346
What is the remainder when 18436 is divided by 489?
343
Calculate the remainder when 24134 is divided by 24.
14
Calculate the remainder when 19059 is divided by 1748.
1579
Calculate the remainder when 729 is divided by 43.
41
Calculate the remainder when 27331 is divided by 14.
3
What is the remainder when 4158 is divided by 1032?
30
What is the remainder when 9515 is divided by 1308?
359
Calculate the remainder when 74106 is divided by 511.
11
Calculate the remainder when 1815 is divided by 341.
110
Calculate the remainder when 4682 is divided by 54.
38
What is the remainder when 42900 is divided by 8578?
10
What is the remainder when 2600 is divided by 861?
17
Calculate the remainder when 4509 is divided by 110.
109
What is the remainder when 3514 is divided by 1018?
460
Calculate the remainder when 36712 is divided by 9159.
76
Calculate the remainder when 7954 is divided by 1988.
2
Calculate the remainder when 5886 is divided by 19.
15
What is the remainder when 23858 is divided by 918?
908
What is the remainder when 90 is divided by 19?
14
What is the remainder when 1247526 is divided by 53?
12
What is the remainder when 408944 is divided by 73?
71
Calculate the remainder when 12149 is divided by 5795.
559
Calculate the remainder when 73906 is divided by 11.
8
Calculate the remainder when 7450 is divided by 81.
79
Calculate the remainder when 3835 is divided by 3815.
20
Calculate the remainder when 155226 is divided by 346.
218
Calculate the remainder when 428 is divided by 324.
104
What is the remainder when 836456 is divided by 135?
131
What is the remainder when 92747 is divided by 14?
11
What is the remainder when 16342 is divided by 3267?
7
What is the remainder when 3069001 is divided by 1190?
1181
Calculate the remainder when 2520079 is divided by 34055.
9
Calculate the remainder when 11768 is divided by 2942.
0
What is the remainder when 231485 is divided by 83?
81
What is the remainder when 1632 is divided by 500?
132
Calculate the remainder when 1297347 is divided by 18.
15
Calculate the remainder when 11678 is divided by 2303.
163
Calculate the remainder when 5311 is divided by 46.
21
What is the remainder when 22844 is divided by 7?
3
What is the remainder when 10185 is divided by 329?
315
What is the remainder when 14799 is divided by 102?
9
What is the remainder when 8152 is divided by 9?
7
What is the remainder when 5926 is divided by 395?
1
Calculate the remainder when 3531 is divided by 676.
151
What is the remainder when 41645 is divided by 66?
65
Calculate the remainder when 293 is divided by 213.
80
What is the remainder when 6055 is divided by 14?
7
What is the remainder when 60868 is divided by 138?
10
What is the remainder when 41210 is divided by 4121?
0
What is the remainder when 553060 is divided by 15?
10
What is the remainder when 145094 is divided by 924?
26
What is the remainder when 4581 is divided by 1009?
545
What is the remainder when 5960 is divided by 250?
210
Calculate the remainder when 4018 is divided by 3977.
41
What is the remainder when 4468455 is divided by 1083?
1080
What is the remainder when 1598 is divided by 197?
22
What is the remainder when 212557 is divided by 408?
397
What is the remainder when 1146 is divided by 142?
10
Calculate the remainder when 71416 is divided by 361.
299
What is the remainder when 793 is divided by 253?
34
Calculate the remainder when 273287 is divided by 464.
455
Calculate the remainder when 214670 is divided by 59.
28
Calculate the remainder when 18152 is divided by 282.
104
Calculate the remainder when 2831 is divided by 587.
483
What is the remainder when 3142 is divided by 174?
10
Calculate the remainder when 164319 is divided by 2567.
31
What is the remainder when 14274 is divided by 4755?
9
What is the remainder when 94412 is divided by 484?
32
What is the remainder when 242002 is divided by 402?
400
Calculate the remainder when 145653 is divided by 318.
9
What is the remainder when 592 is divided by 60?
52
What is the remainder when 857 is divided by 520?
337
What is the remainder when 30456 is divided by 566?
458
Calculate the remainder when 11823 is divided by 35.
28
What is the remainder when 7381 is divided by 65?
36
What is the remainder when 993 is divided by 365?
263
What is the remainder when 4111 is divided by 8?
7
Calculate the remainder when 11902 is divided by 243.
238
What is the remainder when 16621 is divided by 4153?
9
Calculate the remainder when 314801 is divided by 78698.
9
What is the remainder when 4082 is divided by 18?
14
Calculate the remainder when 272285 is divided by 136135.
15
Calculate the remainder when 2402 is divided by 42.
8
Calculate the remainder when 2004755 is divided by 71.
70
Calculate the remainder when 36663 is divided by 611.
3
Calculate the remainder when 1310 is divided by 142.
32
Calculate the remainder when 3948 is divided by 14.
0
What is the remainder when 643 is divided by 293?
57
Calculate the remainder when 32446 is divided by 59.
55
What is the remainder when 72238 is divided by 65?
23
What is the remainder when 3960 is divided by 70?
40
What is the remainder when 1997 is divided by 652?
41
Calculate the remainder when 161509 is divided by 13.
10
What is the remainder when 55294 is divided by 747?
16
What is the remainder when 3879 is divided by 3878?
1
Calculate the remainder when 26454 is divided by 60.
54
What is the remainder when 4046 is divided by 157?
121
Calculate the remainder when 34596 is divided by 3459.
6
Calculate the remainder when 194745 is divided by 64905.
30
What is the remainder when 1788 is divided by 16?
12
What is the remainder when 9752 is divided by 361?
5
Calculate the remainder when 18937 is divided by 728.
9
Calculate the remainder when 98107 is divided by 73.
68
Calculate the remainder when 566 is divided by 49.
27
Calculate the remainder when 5521 is divided by 390.
61
Calculate the remainder when 1523 is divided by 164.
47
Calculate the remainder when 21772 is divided by 2411.